 s(j) = j**2 + 7*j + 5. Let p be s(-6). Let t be -5 - (p - (1 - 3)). What are the prime factors of (-5)/(-2)*t/(-5)?
3
Let f be 1 + 1/(2/(-46)). Let k be -37 + 8 + -17 - (1 - 6). Let l = f - k. List the prime factors of l.
19
Let f(q) = 3*q - 10. Let z be f(4). Suppose z*a - 55 = a. List the prime factors of a.
5, 11
Let m = -79 - -18. Let p = 107 + m. What are the prime factors of p?
2, 23
Let m(r) = 10*r**2 + r + 1. Suppose -v = 5 - 3. What are the prime factors of m(v)?
3, 13
List the prime factors of -4*(-1)/16 + 555/20.
2, 7
Suppose 3*u = 4*a - 2261, a = -0*a - 2*u + 557. What are the prime factors of a?
563
Let a be 3 - (-1 - 2/(-2)). Suppose -y = 2 + a. List the prime factors of 1*-7*5/y.
7
Suppose -5*h + p + 21 = 0, 4*h + p - 19 = 4*p. Let b be 3*((-368)/(-12))/h. Suppose -2*w + b + 11 = 0. What are the prime factors of w?
17
Let c be -1 + -1 + 2 - -3. Suppose a = -0 + 3. Let v = a + c. List the prime factors of v.
2, 3
Let b(g) = -438*g - 145. What are the prime factors of b(-11)?
4673
Let y = 596 - 227. List the prime factors of (-1)/3*(0 - y).
3, 41
Suppose 13*i - 44*i = -37851. List the prime factors of i.
3, 11, 37
Let w = 192 - -1499. What are the prime factors of w?
19, 89
Let q = 735 - 416. List the prime factors of q.
11, 29
Let v = -11 + 26. Suppose -2*n - v = -5*n. Suppose 76 = 2*g - 0*x - x, 2*g = n*x + 84. What are the prime factors of g?
37
Let w(j) = j**3 - 13*j**2 - j - 34. List the prime factors of w(14).
2, 37
Let c(l) = -2*l**3 + l**2 + l - 2. Let o be c(1). Let f(h) = 40*h**2 + 4*h + 7. List the prime factors of f(o).
3, 53
Suppose -2*c = 3*c. Suppose r + 4*x = 3*x + 2, c = x. Let h(m) = m**3 + 1. List the prime factors of h(r).
3
Let q be (-22)/(-5) - -4*(-2)/20. Suppose 5*k - 4*k = -q*i + 8, -5*i = -k + 17. List the prime factors of k.
2, 3
Suppose -2*r - 4 = 2*i, -3*i - 5*r = -2*i - 2. Let q be 4 + 10*i + 1. What are the prime factors of 78/10 - 5/q?
2
Let x(n) = 82*n**2 - 7*n + 11. List the prime factors of x(3).
2, 7, 13
What are the prime factors of 2 - (-3)/((-3)/(-475))?
3, 53
Let k(w) = w**2 - 3*w - 7. Let d be k(12). Let x = d - 60. What are the prime factors of x?
41
Let a = -13 + 7. Let f be a - -10 - 57*2. Let g = f - -159. List the prime factors of g.
7
Let b(f) = f**2 + 9*f - 8. Let a be b(-10). Suppose -3*l - a*l = 0. Suppose w - 7 = -l. List the prime factors of w.
7
Let w(g) = g**3 - 4*g**2. Let i be w(4). Suppose i*u = 2*u - 44. Suppose 2*q + 0*q = u. What are the prime factors of q?
11
Suppose 6*s + 3*b = 7*s - 957, -4737 = -5*s - b. List the prime factors of s.
2, 3, 79
Let g(a) be the first derivative of -a**4/4 - 5*a**3/3 - a**2 - 3*a - 13. What are the prime factors of g(-6)?
3, 5
Suppose -29*o + 1904 = -47918. List the prime factors of o.
2, 859
Suppose 0 = 5*w + 51 - 1181. List the prime factors of w.
2, 113
Let b(j) = -j + 20. Let f be b(18). List the prime factors of (-285)/f*(-8)/12.
5, 19
Suppose -15 = -6*s + s. What are the prime factors of 63 + -1 + s + 3?
2, 17
Let m = 246 - 434. Let q = -108 - m. List the prime factors of q.
2, 5
Suppose 3*o + 3*m = 27, m - 2 = 2. Let n(s) = 2*s - 8. List the prime factors of n(o).
2
Suppose 0 = 100*p + 2264 - 16764. What are the prime factors of p?
5, 29
Suppose -8*b + 18944 = 3*c - 4*b, 31579 = 5*c + b. What are the prime factors of c?
2, 1579
Let o be (0 + -1)*2 + (-1 - 2). Let y(j) = -j**3 - 2*j**2 - 12*j + 1. List the prime factors of y(o).
2, 17
Suppose -2*c = -25*c + 12535. List the prime factors of c.
5, 109
Suppose -5*v = 3*t + 290, -3*t - 2*v - 340 = -7*v. Let q(z) = -45*z**2 + 1. Let y be q(2). Let h = t - y. List the prime factors of h.
2, 37
Let d(t) = 337*t**2 - 15*t + 16. List the prime factors of d(1).
2, 13
Let j(n) be the first derivative of -38*n**2 + 19*n - 8. What are the prime factors of j(-3)?
13, 19
Let r be -3*3/(-3) - -2. Suppose -r*j = 2*a - 404, j = a - 3*a + 84. What are the prime factors of j?
2, 5
Let d = 0 + 2. Suppose 0*l = -d*l + 4. What are the prime factors of (-14)/21*(-87)/l?
29
Suppose 5*v + 274 = -3*l, 218 = 2*v - 6*v - 3*l. Let k = -20 - v. List the prime factors of k.
2, 3
Let y = 1 - -12. Suppose 2*l = -5*s + 210, -4*l - y = -4*s + 183. List the prime factors of s.
2, 11
Let r(q) = q**3 + 8*q**2 + 3*q + 4. Let w be r(-4). Let c(o) = -o + 2. Let l be c(0). Suppose w = 2*a + l*a. What are the prime factors of a?
2, 7
Let s = 22 + -5. Suppose 3*z - 4 = 4*z, -x - 4*z = -37. Suppose -s = 4*d - x. List the prime factors of d.
3
Let x(c) = 265*c - 68. List the prime factors of x(5).
3, 419
Let k(h) = h**2 + 6*h + 1. Let x be (2 - (3 - 4))*3. Let l = x + -16. What are the prime factors of k(l)?
2
Suppose 2*g = -25 + 23. Let l = 4 - 2. What are the prime factors of (l - 2) + (g - -4)?
3
Suppose 0 = -2*a + 414 + 968. List the prime factors of a.
691
Suppose -2*r + 880 = 5*s, r = -s + 6*r + 176. What are the prime factors of s?
2, 11
Let f = 10 - 15. Let s = f - -10. What are the prime factors of s?
5
Let j(z) = 4*z + 24. Let i be j(-5). Suppose -i*q - 3*f + 240 = -q, 162 = 2*q + 4*f. What are the prime factors of q?
79
Suppose -5*z = -3*p - 33, -2*z = 3*p + 5 + 7. Let i(h) = -13*h + 19. What are the prime factors of i(p)?
97
Suppose 2*t = -5*l + 14, -t = -3*t - 3*l + 18. Suppose 2*i + 0*i = -t. List the prime factors of 39/(1*(-9)/i).
2, 13
Let g(m) = 54*m - 82. What are the prime factors of g(14)?
2, 337
Suppose 34214 - 364694 = -135*a. List the prime factors of a.
2, 3, 17
Let s(r) be the third derivative of -2*r**4/3 - r**2. Suppose 2*c - 5 = -13. What are the prime factors of s(c)?
2
Let d(t) = t - 12. Let h be d(6). Let c be (-6)/4*580/h. Suppose 3*z = -5*p + c + 171, 188 = 3*p + z. What are the prime factors of p?
2, 31
Let f(u) = -3*u - 25. Let m(z) = z + 12. Let d(w) = -4*f(w) - 9*m(w). Suppose -4*r + 41 = -3. List the prime factors of d(r).
5
List the prime factors of (1 + 6/(-4))/(105/(-275520)).
2, 41
Let k(h) = 12*h + 13. Suppose 8*i - 10 = 6. Let c be (-7 + 5)/(i/(-4)). List the prime factors of k(c).
61
Suppose 0 = -g + a + 258 + 221, 0 = g - 3*a - 483. What are the prime factors of g?
3, 53
What are the prime factors of 820 + (-42)/(2 + 4)?
3, 271
Let b = -109 + 413. Suppose -b = -h - 5*s, -2*s + 3*s = -4*h + 1178. What are the prime factors of h?
2, 3, 7
Suppose 2*o + 5*k = 56, 0*k + 105 = 5*o - 5*k. Suppose 2*u = 3*u + 8. Let b = o + u. List the prime factors of b.
3, 5
Suppose 0 = 7*v - 10596 + 4002. List the prime factors of v.
2, 3, 157
Suppose 1581 = 3*o - 4*m, 5*o = -0*o + 3*m + 2624. List the prime factors of o.
523
Suppose 3*s + 2*s = 30. Let y(k) = -2*k + s*k + 2 + 8. What are the prime factors of y(7)?
2, 19
Let w(p) = 300*p + 812. List the prime factors of w(5).
2, 17
Suppose g - 1187 = 170. What are the prime factors of g?
23, 59
Let t = 1271 - 1040. List the prime factors of t.
3, 7, 11
Let g(h) = 31*h**2 - 34*h - 4. List the prime factors of g(7).
1277
Let y(z) = z**2 - 6*z - 10. Suppose 0 = 12*r - 8*r - 36. Let j be y(r). Suppose -2*o - 2*t = -72, 2*o + j = -4*t + 93. List the prime factors of o.
2, 17
Let i(p) = p**2 - 7*p + 1. Let f(r) = -r**3 + 1. Let y(a) = -f(a) + i(a). Let u(b) be the second derivative of y(b). What are the prime factors of u(3)?
2, 5
Let u(d) = 3*d - 56. Let o be u(20). Suppose 3*s - s - 93 = 3*l, -229 = -5*s + o*l. What are the prime factors of s?
3, 5
Let t(p) = -167*p**3 + 2*p**2 - 3*p - 4. Let d be t(-2). Suppose 8*k - d = -106. What are the prime factors of k?
5, 31
Suppose 5*u + 0*u - 5 = 0. Let f be 2*u - (6 + -4). Suppose 2*l - 157 = -5*d, 0*l - l - 4*d + 86 = f. List the prime factors of l.
2, 3, 11
Let u(y) = -35*y + 42. What are the prime factors of u(-11)?
7, 61
Suppose 6 - 38 = -4*r. List the prime factors of ((-340)/16)/((-2)/r).
5, 17
What are the prime factors of ((91/21)/13)/((-2)/(-78))?
13
Let b(i) = i**2 - 2*i. Let g be b(2). Suppose 2*n + 3*u = 46, g*n - 4*u = -4*n + 72. List the prime factors of n.
2, 5
Let i(m) = -m**2 - 10*m - 4. Let v be i(-9). Suppose -3*r = -6*r + 3, 5*r = v*u - 320. What are the prime factors of (u*2/(-1))/(-2)?
5, 13
Suppose 8*d - 14410 = -4274. List the prime factors of d.
7, 181
Let w = -6242 + 9063. What are the prime factors of w?
7, 13, 31
Let t = -1 + 2. Let h be 4/8 + (-14)/(-4). Suppose -z + h*q + t = 2*z